mmon factor of 2 and n.
2
Let q be 0 + (4 - -9*9). Let w be (34/8)/(1/4). Calculate the highest common divisor of w and q.
17
Let m be 42/4 - 3/6. Let f(t) = t**2 - 6*t + 4. Let z be f(6). Suppose 92 = 2*i + 3*q, -2*i + z*i + q - 84 = 0. What is the highest common divisor of i and m?
10
Suppose -4*b - 5*b + 288 = 0. Suppose m = -0*m + 16. Calculate the highest common factor of m and b.
16
Suppose 2*q - r = 14, 5*r + 4 = q - 2*q. Calculate the greatest common factor of 12 and q.
6
Suppose n - 67 = -4*c - 0*n, 0 = 3*c + 3*n - 48. What is the greatest common factor of 187 and c?
17
Suppose 0 = -5*c - 3*n + 328, 3*n - 2*n = -3*c + 196. Calculate the highest common divisor of 39 and c.
13
Let g(i) = i**3 + 9*i**2 + 3. Suppose 5*n + 18 = 3*n. Let c be g(n). Calculate the greatest common divisor of 12 and c.
3
Let u(d) = -104*d. Let p(x) = 1612*x. Let q(m) = 5*p(m) + 78*u(m). Let b be q(-1). What is the highest common factor of b and 26?
26
Let c = 372 + -228. Suppose -p = 2*p - 54. What is the greatest common factor of c and p?
18
Let t = -7 - -8. Let j be (-112)/(-6) - t/(-3). Calculate the greatest common divisor of 38 and j.
19
Let h(j) be the third derivative of j**5/12 - j**4/24 - j**3/6 + 7*j**2. Let g be h(2). What is the greatest common factor of 136 and g?
17
Suppose u = 6*u - 2765. Let g be u/49 + 4/(-14). Let i(a) = 2*a**2 + 5. Let l be i(-5). Calculate the highest common divisor of l and g.
11
Let s(t) = 656*t. Let j be s(1). Suppose -3*c = 4*f - 2*c - j, 0 = -2*f + c + 334. Calculate the greatest common divisor of f and 15.
15
Let q(c) = -c - 1. Let z be q(0). Let f be 2/(2*z/6). Let d be f*(63/(-2) - 3). Calculate the greatest common divisor of d and 23.
23
Let c(o) = -o - 1. Let w be c(-1). Let z = 2 - w. Let j be (z + 12)/(0 + 1). Calculate the highest common factor of j and 98.
14
Let c = 165 + -159. Calculate the highest common divisor of 42 and c.
6
Let x = -224 + 322. Let f = -65 + 22. Let p = x + f. What is the greatest common factor of 5 and p?
5
Let j be (2 + -3 - -89)/((-7)/(-14)). Calculate the greatest common divisor of 11 and j.
11
Let g = -5 + 2. Let m = -1 - g. Suppose 4*k = 2*k + 6. What is the highest common factor of k and m?
1
Let y = 91 - 84. Calculate the highest common divisor of y and 35.
7
Let x(b) = b**2 - 5*b - 8. Let v be 77/55*(5 - 0). Let g be x(v). Let f(c) = -2*c - 2. Let j be f(-3). Calculate the greatest common divisor of g and j.
2
Let l(w) = w**3 + 17*w**2 + 16*w + 4. Let j be l(-16). Let v = 0 + j. Calculate the greatest common factor of 32 and v.
4
Suppose -22 = -3*h + 32. Let l = 8 - 2. Calculate the highest common factor of h and l.
6
Let v(f) = 37*f**2 - 1. Let h be v(-1). Let p be (h/(-10))/((-1)/5). Let m = 15 - 9. Calculate the greatest common factor of m and p.
6
Suppose 2*l + 2*q = 4, 5*l + q - 4 = 2*q. What is the highest common divisor of l and 5?
1
Suppose -131 = -5*l - 2*f + 131, -290 = -5*l + 5*f. Suppose -g + 11 = -l. Calculate the greatest common divisor of g and 13.
13
Suppose -5*p + g = -405, -289 = -5*p + 2*g + 116. Calculate the greatest common factor of 9 and p.
9
Suppose 85 = 14*k - 9*k. Calculate the greatest common divisor of 119 and k.
17
Let j = 61 + 60. Let y be -2*(-3)/12*22. Calculate the highest common factor of y and j.
11
Let d(g) = 3*g + 1. Let v be d(5). Let r = -45 + 13. Let a be (3/2)/((-6)/r). What is the highest common divisor of v and a?
8
Suppose 2 - 1 = d. Let b = 10 - d. Calculate the greatest common divisor of b and 81.
9
Let c = 0 - -5. Let t = -77 - -117. Suppose -q = 3*o - 5*q - t, -42 = -2*o - c*q. What is the highest common divisor of 4 and o?
4
Suppose 10*v - 11*v = -12. Suppose 0 = -4*r + 2*r + 16. Calculate the highest common factor of r and v.
4
Let x be (4 + -9)/(-3 + 2). Suppose -44 = -2*s + 4*h - 12, -x*h - 36 = -2*s. Calculate the greatest common factor of 72 and s.
8
Let f = -7 + 2. Let g(n) = 2*n**2 + 5*n - 7. Let s be g(f). Let l be (1*9*1)/1. Calculate the greatest common divisor of s and l.
9
Let t(a) = a**3 + 14*a**2 - 14*a + 21. Let g be t(-15). Let v(f) = -f + 5. Let n be v(-4). Let l = g + n. What is the highest common divisor of 135 and l?
15
Let b = 95 + -39. What is the highest common factor of b and 21?
7
Let t be 1/5 - (-372)/15. What is the highest common factor of t and 75?
25
Let j be (-7)/(-21) - 17/(-3). Let k(q) = -q**3 - 8*q**2 - 2*q - 4. Let f be k(-8). Calculate the highest common factor of j and f.
6
Suppose -7 = -4*p + 1, p = -2*q - 16. Let i be 435/2*(-6)/q. Calculate the greatest common factor of 29 and i.
29
Let k be -2*3/12*-38. Calculate the highest common divisor of k and 171.
19
Let j be (-1 - -2)/((-3)/15). Let x be (-8)/j*(-30)/(-4). Let w(f) = -f**3 - 4*f**2 - 7*f - 4. Let s be w(-4). What is the greatest common factor of s and x?
12
Let l = 184 + -183. Calculate the highest common factor of 9 and l.
1
Suppose 0 = -4*k - k. Suppose 16*t - 19*t + 102 = k. Calculate the greatest common divisor of 85 and t.
17
Let z be 11/1 + (4 - 7). Suppose 0 = -5*j + 152 + 208. Calculate the greatest common divisor of j and z.
8
Let c be 35/(5/1)*1. What is the highest common factor of c and 35?
7
Suppose -47 + 19 = -2*w. Calculate the highest common factor of w and 154.
14
Let l(u) = -u**2 + 23*u - 13. Let d be l(22). Calculate the greatest common divisor of 99 and d.
9
Let w(n) = -67*n - 5. Let l be w(-1). What is the highest common divisor of 93 and l?
31
Suppose -3*b = -0 - 12. Suppose -6*z = -b*z - 22. What is the greatest common factor of z and 1?
1
Suppose -93 = -5*u + 282. Calculate the greatest common factor of u and 15.
15
Let m be (14/(-4))/((-5)/70). Suppose -20 = -2*l - 6. Calculate the highest common divisor of l and m.
7
Let m(b) = b**3 - 8*b**2 - b + 7. Let r be m(8). Let o be r/(-4) - (-14)/8. Suppose o*q - q = 16. What is the greatest common factor of 8 and q?
8
Let q be 4/(-18) + (-1732)/(-18). Let m be 56/(7 - 3) - 2. What is the greatest common factor of m and q?
12
Let o be (-1)/2 - 34/(-4). Let k be (1/(-4))/((-1)/o). Let b be ((-15)/9)/(k/(-36)). Calculate the greatest common factor of 45 and b.
15
Suppose 5*d + 2*v - v - 54 = 0, 0 = 4*d - 2*v - 46. Let z be (33/2)/((-5)/(-10)). What is the highest common divisor of d and z?
11
Suppose 20 = 5*a - b, -6*a + 2*b + 22 = -2*a. Calculate the highest common divisor of a and 12.
3
Let s = 0 + -2. Let w = s + 3. What is the highest common factor of w and 4?
1
Suppose 0 = 5*q - q - 12. Suppose -4*f + 537 = -s, -5*f - q*s = -s - 681. What is the highest common factor of f and 27?
27
Let q(t) = 12*t + 2 + 0*t + t**2 - 2 + 1. Let b be q(-12). Calculate the highest common divisor of 7 and b.
1
Let g be 1 - (2 + -2) - 1. Suppose g*f - 5*f = j + 487, -f + 2*j - 104 = 0. Let y = f + 170. What is the greatest common factor of 8 and y?
8
Suppose o = -o + 18. Suppose -3*f = -0*f - o. Suppose f*p = 119 - 29. Calculate the greatest common factor of p and 15.
15
Let h(q) = 8 - 4 + q - 1 + 3. Let d be h(4). Calculate the highest common divisor of 20 and d.
10
Suppose -9*k + 8*k = -46. Calculate the greatest common factor of 184 and k.
46
Suppose 0 = 5*c - 10*c + 25. Suppose c*j = 3*j + 106. Let w be j/2 - 4/(-8). What is the highest common factor of 9 and w?
9
Let z(n) = -n**3 + 7*n**2 + 8*n + 9. Let b be z(8). What is the greatest common factor of b and 9?
9
Let l(z) = 5*z - 2. Let u be l(2). Let c be 3 - ((-3)/(-2))/(-3)*58. What is the greatest common divisor of u and c?
8
Suppose -5*k = -14 - 1. What is the greatest common divisor of 12 and k?
3
Let u(i) = i**3 + 7*i**2 - 2*i - 7. Let y be u(-7). Let k(t) = t - 5. Let o be k(y). Let n be -5 - -27 - o*-1. Calculate the highest common factor of n and 4.
4
Let z be (75/50)/(2/52). What is the highest common divisor of 13 and z?
13
Let a = 36 - 26. Calculate the greatest common factor of 4 and a.
2
Let c(p) = p - 2. Let g be c(4). Suppose -g*u = 5*i - 4 + 5, 5*i = u - 7. Suppose -r + 3 = -0. What is the highest common divisor of u and r?
1
Let l = 114 - 72. What is the greatest common factor of 14 and l?
14
Suppose -z + 53 = 3*t + 20, -3*t + 114 = 4*z. What is the highest common factor of 9 and z?
9
Let q be (-5 + 1)*(-13 - 4). Calculate the highest common factor of 17 and q.
17
Let x(k) = k**2 - 8*k - 5. Let u be x(5). L